f 20 and t?
20
Suppose -5*g = -g - 220. Let y be 1 + 0 + 5 + 7 + -9. Let q be y + (1 - 4/2)*-1. What is the greatest common factor of g and q?
5
Let j be 1512449/410 + -2 + ((-123)/(-30) - 2). Calculate the greatest common divisor of 1736 and j.
217
Let l be ((-2)/(-4))/(2/18684). Calculate the highest common divisor of l and 346.
173
Let u(a) = -a**3 + 5*a**2 + 128*a - 10. Let k be u(12). Calculate the greatest common divisor of k and 185.
37
Suppose 0 = -17*y + 20*y + 4*d - 256, 3*y + 3*d - 258 = 0. Calculate the highest common divisor of 56 and y.
8
Suppose -937 - 491 = 11*o - 39*o. Calculate the highest common divisor of o and 323.
17
Let d = -1 - -2. Let g(z) = 2*z - 79. Let q be g(42). Calculate the greatest common divisor of q and d.
1
Let j be -8 - 1498/(-7) - -2*1. Let d be (34 + j)*(1 + 1). Calculate the greatest common factor of d and 44.
44
Let n be 16 + -2 + (18 - (-88)/(-8)). Let r = 35 + 63. Calculate the highest common divisor of n and r.
7
Suppose 0 = -a + 5*m + 42, -5*a - 132 = -7*a + 2*m. Calculate the greatest common factor of 40 and a.
8
Suppose 5*n - 336 = 2*n. Let m = 19974 - 19967. What is the highest common factor of m and n?
7
Let j = 15 - 5. Let u(o) = o**3 - 11*o**2 + 15*o - 8. Let x be u(j). Let v = -134 + 140. Calculate the greatest common factor of x and v.
6
Let z = -37223 - -38003. What is the greatest common factor of z and 48?
12
Let n = -4504 - -12459. Calculate the greatest common factor of 37 and n.
37
Let j be (-3)/(-4)*8*14/(-3). Let r = -24 - j. Suppose 0 = k + r*t - 19, -5*t + 12 + 3 = k. What is the greatest common divisor of k and 5?
5
Let x(r) be the second derivative of r**4/6 + 7*r**2/2 + 46*r. Let o be x(0). Calculate the greatest common divisor of o and 91.
7
Let t(j) = -2*j + 149. Let c be t(0). Suppose -123 = -2*u + c. Let l(w) = -18*w - 2. Let n be l(-2). Calculate the highest common divisor of u and n.
34
Let k(n) = 610*n + 331. Let b be k(12). What is the highest common factor of b and 14?
7
Suppose z - 28 = -6*z. Suppose -5*v + 34 = -z*h - 7, 3*v = -4*h - 1. Suppose -6*q = -v - 79. Calculate the greatest common divisor of q and 2.
2
Suppose -5*d + 139 + 41 = 4*w, -3*w + 100 = -5*d. Let j be -3 - ((-28175)/275 - (6 - 300/55)). What is the greatest common factor of w and j?
20
Suppose 695*o - 700*o = -30, -3*m - 3*o = -879. What is the highest common factor of 49 and m?
7
Let y(w) = 223*w**2 - 641*w - 6. Let o be y(5). What is the highest common divisor of 36 and o?
12
Let k be (7 - (-7856)/112)/((-1)/(-7)). Calculate the highest common divisor of k and 20.
20
Let q be (-2)/(-2)*(-28)/(-126)*63. What is the highest common divisor of q and 6538?
14
Let z = -329 - -365. Let s = 649 + -442. Calculate the highest common divisor of s and z.
9
Let v be 294/4*(-8)/(-12). Let u be 11/(-44) + (-985)/(-20). Calculate the highest common divisor of v and u.
49
Let f(j) = -16*j**3 - 45*j**2 + 10*j + 8. Let m be f(-3). Calculate the highest common factor of 395 and m.
5
Let k be (2 - 1)/((-37)/(-6734)). What is the greatest common factor of 56 and k?
14
Let c = 35391 + -33191. Calculate the highest common factor of c and 143.
11
Let b be -10*((-532)/20 + 11). Suppose -2*s = s - 468. Suppose -4*h = -0*h - s. Calculate the highest common factor of h and b.
39
Let n(r) = r**3 - 4*r**2 - 6*r + 15. Let k be n(5). Suppose 252 = -7*b + k*b. What is the highest common factor of b and 48?
12
Let o(t) = -3*t + 24. Let h be o(7). Suppose -42 - 12 = -h*a. Let l = -65 + 119. What is the greatest common factor of a and l?
18
Let i be 825/63 - (8/20)/(42/10). Calculate the greatest common divisor of i and 689.
13
Suppose -1253*r = -1259*r + 384. Suppose 5*q = 4*x - r, x + 6*q - 33 = 3*q. Calculate the highest common divisor of x and 63.
21
Suppose 0 = 3*g - 2*c + 15 - 5, 18 = -4*g + 5*c. Let d be ((-847)/363)/(g/6). Suppose 8*v = 4*v + 56. Calculate the highest common divisor of v and d.
7
Let k be (-7 - -12) + 0/2. Let z = k + 6. What is the greatest common divisor of z and 99?
11
Let k = 75 + -49. Let y(g) = g**2 - 10*g - 26. Let z be y(13). What is the highest common factor of z and k?
13
Suppose 46158 - 14854 = 182*i. Calculate the highest common divisor of 129 and i.
43
Let h = -5661 - -5665. Calculate the greatest common divisor of 4204 and h.
4
Let g(m) = 6*m + 15. Let t be g(-1). Let v be 2 - 1/(2/(-8)). Suppose 2*s = -f + 8, -5*f - 3*s = -v - 69. Calculate the greatest common factor of f and t.
9
Suppose -2*l - 2*z = -5*l + 16, -28 = -5*l + 3*z. Let q(n) = n**2 - 3*n - 22. Let r be q(l). What is the highest common divisor of r and 2?
2
Let j be 2 + 116/((-4)/(-2)). Suppose 6912 = 45*g + 99*g. What is the greatest common factor of j and g?
12
Let n(p) = -2*p**2 + 20*p + 555. Let q be n(18). What is the highest common factor of q and 24?
3
Let s be (2*(4 + -3))/((-2)/(-3)). Suppose 0 = g - 5, -s*g = -3*b - 0*g + 21. Suppose -13*q = -b*q - 1. What is the highest common factor of 1 and q?
1
Let x be 69 - 60 - (-2223 - 0). What is the highest common factor of 144 and x?
72
Let h(v) = -388*v**3 - 3*v**2 - 162*v - 328. Let o be h(-2). Calculate the highest common factor of o and 965.
193
Let i(h) = 5*h**2 - 14*h - 2. Let p be i(5). Suppose 89 - p = 3*q. What is the highest common factor of q and 372?
12
Let i be (-13)/(2*2*(-6)/72). Let y = 334 + -321. What is the highest common factor of i and y?
13
Let s = 111 - 78. Suppose -25211*b - 34815 = -25422*b. Calculate the highest common divisor of s and b.
33
Let x(a) = -11*a**2 + 15*a + 36. Let g be x(-3). Let h be (1 - -110) + g/36. Calculate the highest common divisor of h and 24.
12
Let m = 29034 - 29004. What is the greatest common factor of m and 30390?
30
Let f(s) = -7 + 2*s**2 + 12 + 10*s + 6. Let x be f(-5). Calculate the greatest common divisor of 209 and x.
11
Let r be (-1969)/(-8 - -19)*(-5 - -3 - 85). What is the greatest common factor of 358 and r?
179
Let h be (-3)/(-4)*(-5624)/(-57). Suppose 4 + h = 3*m. Calculate the greatest common factor of 104 and m.
26
Let y be (-14 + 16 - -4)*3*10. Calculate the highest common factor of y and 1896.
12
Suppose -13*d + 48 = -5*d, -2*d - 28 = -t. What is the highest common factor of 5560 and t?
40
Suppose 2*t = 5*t - 651. Suppose -2103*a - 658 = -2150*a. Calculate the highest common divisor of a and t.
7
Let t be 44/(-88) + 55923/6. Calculate the greatest common factor of t and 16.
8
Suppose 0 = -q + 2 + 2, -3*q + 13 = l. Let x be l + -1 + 0 + 5. Calculate the greatest common divisor of 4 and x.
1
Let v(y) = -244*y - 1190. Let b be v(-5). Calculate the highest common factor of b and 17900.
10
Let d = -677 + 725. Let k(n) = -n**3 + 20*n**2 - 2*n + 124. Let i be k(20). What is the highest common factor of d and i?
12
Suppose -3*w = -5*n + 123 - 312, 0 = 3*w + 2*n - 168. What is the highest common divisor of w and 1943?
29
Let m(t) = 368*t + 528. Let d be m(7). Calculate the highest common divisor of 970 and d.
194
Let v(b) = 106 + 10*b - 4 + 46 - 5*b. Let y be v(-27). Calculate the highest common divisor of 403 and y.
13
Suppose 0 = 22*x - 27*x + 240. Suppose x = -20*f + 4*f. Let q = f - -20. Calculate the highest common divisor of q and 187.
17
Let g = -11851 + 12111. Calculate the highest common divisor of 28 and g.
4
Let o be 6 - (-4 + (6 + -1)/(3/(-15))). What is the greatest common divisor of o and 259?
7
Let y be 513/6 + (-2)/4. Let o = 1148 - 1318. Let w be (17/34)/((-5)/o). What is the highest common factor of y and w?
17
Suppose 1 = -2*l + 45. Suppose -r = -l - 20. Let w(h) = -6742*h + 40464. Let g be w(6). What is the highest common divisor of g and r?
6
Suppose -8*l + 155 = -3*l. Let g(z) = -32*z + l + 14*z + 19*z. Let i be g(14). What is the highest common factor of i and 15?
15
Let s(b) be the second derivative of b**5/20 - 5*b**4/3 + 17*b**3/6 + 53*b**2/2 - 52*b - 1. Let x be s(19). What is the greatest common factor of 25 and x?
5
Suppose 31*h - h - 1230 = -11*h. What is the greatest common factor of 400 and h?
10
Let m(z) = -z**3 - 8*z**2 + 11*z + 166. Let v be m(-8). Let n = -23 + 47. Calculate the greatest common divisor of n and v.
6
Let x be (-548 - -1) + -8*24/(-64). Let k = x + 549. Calculate the highest common factor of 160 and k.
5
Suppose 3*r = 2*d + 461, 3*d - r + 654 = -4*r. Let t = d + 298